0*x - 4*x = -8. Suppose 0 = 4*h - x + 46. Let i = 25 + h. Is i prime?
False
Let w = 230 + 1677. Is w prime?
True
Suppose 18 = 5*c + c. Suppose 4*d = -c*l + 773, -3*d + 0*l + 4*l + 561 = 0. Is d prime?
True
Is ((-41)/(-82))/((-1)/(-5006)) a prime number?
True
Let p(a) = a + 16. Let q be p(-14). Suppose -2*h + 554 = u + 3*h, -h + 1117 = q*u. Is u a prime number?
False
Suppose -3*f = 298 + 218. Let x = f + 321. Is x a composite number?
False
Is (3 + -2)*((-2 - -2339) + -4) a composite number?
False
Let q = 11 - -94. Let u = 514 - q. Is u composite?
False
Suppose 269*b = 271*b - 53042. Is b composite?
True
Suppose 2 = i, -4*p = -2*i - 2*i - 50244. Is p a composite number?
True
Let u(i) = -44*i**3 + i**2. Let k be u(-2). Suppose -k = -5*f + 1499. Is f a prime number?
False
Let j(m) = -24*m**2 - 42*m - 31. Let d(g) = 8*g**2 + 14*g + 10. Let v(o) = -8*d(o) - 3*j(o). Is v(9) composite?
False
Let n be -116 - (-6)/((-9)/3). Suppose 0 = -u + 3*u + 606. Let z = n - u. Is z a prime number?
False
Let w be ((-3)/(-9))/(2/12). Suppose 3*i - 337 = w*i. Is i composite?
False
Suppose -2*j - 5 = 3*u + 2, 0 = -j + 5*u - 10. Let c be -1*1 - (6 + -4). Is j/(c - -2) + -1 a prime number?
False
Is (-1)/6 - ((-1458842)/84 + 5) prime?
False
Let c be (-322)/(-4) - (-1)/2. Suppose -5*t + c - 21 = 0. Suppose 3*s = t, 5*d - 5*s = -106 + 341. Is d prime?
False
Let s(u) = 5*u**3 - 6*u**2 - 9*u + 71. Is s(30) a composite number?
False
Let j(o) = 3*o**2 - 4*o - 31. Is j(26) composite?
True
Let u = -6 + 4. Let j be (u + -131)*48/(-28). Suppose b - j = 2*c - 843, -1226 = -4*c - 2*b. Is c prime?
True
Let c be (-12)/90 - 782/(-15). Let w = c - -175. Let j = 324 - w. Is j a prime number?
True
Let q(o) = 95*o - 7. Suppose 0*h = -6*h + 24. Is q(h) composite?
False
Suppose 3*x = 751 - 214. Is x - (6 + -6 + (-4)/(-2)) prime?
False
Let n be -3*1*(-8)/(-6). Let l(m) = 15*m**2 - 2*m + 7. Let t be l(n). Suppose -2*i - 3*i = -t. Is i a composite number?
True
Suppose 5*j = 4*c + 2*j - 24, -2*c = 4*j - 12. Is (c/(-9))/(20/(-12570)) a composite number?
False
Suppose 3*i - 15 = -3*z, 0 = -2*z + 3*z - 5*i - 23. Suppose -2*f = -2*u + 156, 0 = f + f - z. Is u a composite number?
True
Let j(h) = -4*h**2 - 12*h. Let o be j(-3). Suppose o*v - 1361 = -v. Is v a composite number?
False
Is ((-3256)/10 + 2)/((-4)/20) prime?
False
Suppose -12*s = -6*s - 10566. Is s a composite number?
True
Suppose -2*d + 5 = -1. Suppose -d*t - t + 2928 = 0. Is (t/(-3))/(1*-2) composite?
True
Let h = 8639 + 108. Is h a prime number?
True
Let a(f) = 3*f**2 - 9*f + 27. Let w = 113 - 103. Is a(w) a prime number?
False
Let q(f) = 80*f**2 - 5*f - 6. Suppose 25 + 5 = -5*z - 5*m, 4*m = z + 1. Let c be q(z). Suppose 0 = -2*d - d + c. Is d a composite number?
False
Let u(f) be the first derivative of -15*f**2/2 - 25*f - 15. Is u(-8) composite?
True
Suppose -1089 = 5*s - d, 0 = d - 2*d + 4. Let r = 986 + s. Is r composite?
False
Let u(h) = -h + 6. Let a be u(11). Let d(m) = m**2 + 5*m + 2. Let o be d(a). Suppose o*g = -2*g + 3012. Is g a composite number?
True
Suppose 2*c - 6 = -p, -3*p + 3 = -2*p + c. Suppose p = -3*v + v + 6. Suppose 2*h - 421 = -v*n, -1 = 3*h + 2. Is n composite?
True
Let s(r) = 30*r - 113. Is s(8) prime?
True
Suppose -5*l + 5 + 5 = 0. Is (l/3*291)/1 composite?
True
Let a = -22 + 26. Suppose -a*v + 5*v = 489. Suppose -9*r = -6*r - v. Is r prime?
True
Suppose -3*c + 6871 = -8*c + b, -2*b - 2758 = 2*c. Let l = 2214 + c. Is l a composite number?
False
Let f(a) = 2*a + 10. Let u be f(-7). Let c be (2 + u)/(3/(-15)). Is (8/c)/((-4)/(-230)) a composite number?
True
Suppose 15 = -3*k, -p + 790 = 4*p + 5*k. Let m = 344 - p. Suppose 0 = -g + 2*g - m. Is g a composite number?
False
Let n(l) be the third derivative of 277*l**4/24 + 7*l**3/3 - 5*l**2. Is n(5) a composite number?
False
Let d(s) = 3899*s**2 + 2*s + 1. Is d(2) composite?
False
Let w = 6322 + 3339. Is w prime?
True
Let v(a) = -a + 3. Let w be v(-6). Suppose 51 + w = -5*j. Is j/48 + 2106/8 a composite number?
False
Let l be 1 + -1*(-8)/4. Suppose 0 = -l*t - 284 + 1370. Is t prime?
False
Let u be (-6)/(-5)*(-50)/(-15). Is ((-56903)/33 + u/3)*-1 a prime number?
True
Suppose 4*w = -2*l - 76, -3*w + 102 = -4*l - w. Is -2*(l + 2) - 14/(-14) composite?
False
Let m be (-12)/4 - -10 - -2. Let j(n) = -2*n + 22. Let o be j(m). Suppose 3*z = 2*i - 959, -2*z = 3*i - o*z - 1451. Is i composite?
False
Suppose -5*r + 2387 = -2*s + 4*s, -3*r - 2*s + 1429 = 0. Is r a prime number?
True
Suppose -41*z - 900 = -43*z. Let t = z - -427. Is t composite?
False
Suppose 28*f - 17*f - 63701 = 0. Is f a prime number?
True
Let a be (-4)/22 + (-4)/(-22). Let u(m) = m**3 - 2*m + 397. Is u(a) a composite number?
False
Let b = -9816 - -17177. Is b prime?
False
Let b(q) = -4*q - 31. Let u be b(-9). Suppose 1672 = 3*x + k, 2*x + u*k = 2*k + 1103. Is x composite?
True
Suppose -46*b - 6843 = -49*b. Is b prime?
True
Is (((-105)/(-7))/3)/((-1)/(-11093)) prime?
False
Let w(t) = -t**2 - 15*t - 9. Let h(m) = -2*m**2 - 15*m - 9. Let l(c) = 2*h(c) - 3*w(c). Let q = 17 - 4. Is l(q) prime?
False
Let j(u) = 3109*u**2 + u + 1. Is j(-1) a composite number?
False
Let a(t) = t**3 + 20*t**2 - 55*t + 17. Is a(-20) a prime number?
True
Suppose -2*d + 6319 + 19813 = -2*i, -3*i + 39216 = 3*d. Is d a composite number?
True
Suppose -25*o = -18*o - 7063. Is o composite?
False
Is 16352 + (105/5)/7 a composite number?
True
Is (-6)/(-20) + (-91221)/(-30) a prime number?
True
Let z = 26 - 104. Let x = -29 - z. Is x a composite number?
True
Suppose -3*v = 3*r - 0*v - 198, -5*r - 4*v = -326. Suppose -357 = -5*d - r. Is d a composite number?
False
Let i = 14 + -16. Is (-89)/i*(12 - (-1 - -3)) a composite number?
True
Let o = 13292 + 1227. Is o composite?
False
Let f(i) = -33*i - 153. Is f(-10) composite?
True
Suppose 4*p - 16 = -0*q - 4*q, p - 10 = -3*q. Let y = -286 - -426. Suppose -2*r + 6*r = -4*w + y, q*r - 101 = -5*w. Is r a prime number?
True
Suppose -i = -5*y + 156, 4*y + 12*i - 9*i - 121 = 0. Is y a prime number?
True
Let b(j) = -2*j**3 + 3*j**2 + j + 4. Let g be b(3). Let s be (-19 + 19)/(3*1) + -718. Is (g/(-8))/((-1)/s) prime?
False
Suppose -5*c + 5*q - 40 = 0, 3*c = c + 5*q - 22. Is (-763)/c + 2/(-12) a composite number?
False
Suppose -5*n + 30 = -3*v, -2*n - 13 = 5*v + 6. Suppose -2*s = -2*b + 116, -b = s - n*s - 63. Let d = -19 + b. Is d a prime number?
False
Let l = 12 - 4. Let o be (-44)/l*(20 - -2). Let g = 450 + o. Is g prime?
False
Suppose -2*c = -h - 4*c + 1847, -5*h - 2*c = -9235. Is h prime?
True
Suppose -6*b + 5*f - 4198 = -2*b, -5*b - 5256 = -2*f. Let k = b - -2773. Is k prime?
True
Let s be 2/((-7)/(147/2)). Let o = 22 + s. Let l(m) = 133*m - 2. Is l(o) composite?
False
Suppose 0 = 2*c, 2113 = -2*h - 3*c + 10207. Suppose h = 4*x - 9. Suppose 4*l - x = 2*o, 4*l = -3*o - 163 + 1152. Is l a prime number?
True
Is ((-10)/4*6628/5)/(-2) prime?
True
Let p(q) be the second derivative of q - 3/2*q**2 + 38/3*q**3 + 0. Is p(2) prime?
True
Suppose 196*r + 21620 = 216*r. Is r a composite number?
True
Suppose -113 = -5*b + 4*i, 0 = -2*b - 4*i + i + 36. Let l be ((-12)/b)/(2/(-7)). Suppose 3*p + p = -m + 143, -l*m = 3*p - 311. Is m composite?
False
Suppose 4*h = 5*u - 1686, u - 3*u + 2*h + 674 = 0. Suppose -8*g = -g - 14. Suppose -2*y = -2*o - 4*y + u, -171 = -o - g*y. Is o a composite number?
False
Let v(t) = 12*t**2 - 12*t + 4. Let p be v(8). Suppose -4*b - p - 360 = 0. Is 2*b*(-2)/4 a composite number?
True
Let f(l) = l - 3. Let i be f(6). Suppose -a = 3*a - 8, 0 = -i*r + 3*a + 174. Is (-8)/r - (-9214)/30 a composite number?
False
Let r(b) = 11*b**2 + 5*b - 9. Let t be r(6). Suppose -7*l + 476 = -5*l. Let f = t - l. Is f a composite number?
False
Suppose 1020 = 12*m - 15552. Is m a prime number?
True
Suppose 5*z + 45420 = z + 4*t, t = -z - 11349. Is 2 + 5/(-3) - z/18 prime?
True
Suppose -28*d + 504717 = 9*d. Is d a prime number?
False
Let q = -8772 - -13319. Is q composite?
False
Suppose 2*f - 4 = f. Suppose 5*l = 10, -5*l + f = -c - 2*l. Let u(a) = 14*a**2 + 2*a - 1. Is u(c) composite?
False
Suppose 3*k - 6370 = 4301. Is k prime?
True
Let l(b) = 1181*b + 2. Let h be l(1). Let t = -751 + h. Let j = t + -245. Is j composite?
True
Suppose o + 12750 = 3*u, u - 3*o = 6*u - 21236. Is u a composite number?
True
Is -11